{"id":2,"date":"2008-09-05T18:50:36","date_gmt":"2008-09-05T16:50:36","guid":{"rendered":"http:\/\/www.spd-werdohl.de\/spd\/?page_id=2"},"modified":"2024-05-27T19:08:13","modified_gmt":"2024-05-27T17:08:13","slug":"impressum","status":"publish","type":"page","link":"https:\/\/www.spd-werdohl.de\/spd\/impressum\/","title":{"rendered":"Impressum"},"content":{"rendered":"<p>SPD-Ortsverein Werdohl<br \/>\nUnterer Bausenberg 10<br \/>\n58791 Werdohl<\/p>\n<p>Tel: 0160 93 96 4001<\/p>\n<p>www.spd-werdohl.de<br \/>\nkontakt(at)spd-werdohl.de<\/p>\n<p><strong><br \/>\nVorsitzender des SPD-Ortsverein Werdohl:<\/strong><br \/>\nBj\u00f6rn Walocha<br \/>\nH\u00e4lverstrasse 55<br \/>\n58579 Schalksm\u00fchle<br \/>\nTel: 0160 93 96 4001<br \/>\nE-Mail: b.walocha(at)spd-werdohl.de<\/p>\n<p><strong><br \/>\nVorsitzende der SPD-Fraktion im Rat der Stadt Werdohl:<\/strong><img decoding=\"async\" class=\"alignright size-full wp-image-179\" title=\"spd-ratsfrakton-werdohl\" src=\"https:\/\/www.spd-werdohl.de\/spd\/wp-content\/uploads\/2009\/02\/spd-ratsfrakton-werdohl.png\" alt=\"spd-ratsfrakton-werdohl\" width=\"150\" height=\"47\" \/><br \/>\nMarion Gierse<br \/>\nUnterm Bausenberg 10<br \/>\n58791 Werdohl<br \/>\nE-Mail: m.gierse(at)spd-werdohl.de<\/p>\n<p><strong><br \/>\nVerantwortlich f\u00fcr den Internetauftritt des SPD-Ortsverein Werdohl:<\/strong><img decoding=\"async\" class=\"alignright size-full wp-image-183\" title=\"wwwspd-werdohlde1\" src=\"https:\/\/www.spd-werdohl.de\/spd\/wp-content\/uploads\/2008\/09\/wwwspd-werdohlde1.png\" alt=\"wwwspd-werdohlde1\" width=\"150\" height=\"33\" \/><br \/>\nBj\u00f6rn Walocha<br \/>\nH\u00e4lverstrasse 55<br \/>\n58579 Schalksm\u00fchle<br \/>\nE-Mail: b.walocha(at)spd-werdohl.de<\/p>\n<p>Gem\u00e4\u00df \u00a7 5 Abs.1 DDG sind wir ausschliesslich nur f\u00fcr die eigenen Inhalte verantwortlich. F\u00fcr Links auf fremde Inhalte dritter sind wir gem\u00e4\u00df \u00a7 5 Abs.2 DDG nur verantwortlich, wenn wir von einem rechtswidrigen oder strafbaren Gehalt positive Kenntnis haben und es technisch m\u00f6glich und zumutbar ist, deren Nutzung zu verhindern. Auch sind wir nicht verpflichtet, in periodischen Abst\u00e4nden den Inhalt von Angeboten Dritter auf deren Rechtswidrigkeit oder Strafbarkeit zu \u00fcberpr\u00fcfen. Sobald wir von dem rechtswidrigen Inhalt der Web-Seiten Dritter erfahren, wird der entsprechende Link von unserer Seite entfernt. Weiterhin m\u00f6chten wir betonen, dass wir keinerlei Einfluss auf die Gestaltung und die Inhalte der gelinkten Seiten haben. Deshalb distanzieren wir uns hiermit ausdr\u00fccklich von allen Inhalten aller gelinkten Seiten auf der gesamten Website inkl. aller Unterseiten. Diese Erkl\u00e4rung gilt f\u00fcr alle auf der Homepage ausgebrachten Links und f\u00fcr alle Inhalte der Seiten, zu denen Links oder Banner f\u00fchren. Sollten Inhalte dieser Internetangebote gegen geltendes Urheberrecht oder das Markengesetz versto\u00dfen, werden diese auf Hinweis schnellstm\u00f6glich entfernt.<\/p>\n","protected":false},"excerpt":{"rendered":"<p>SPD-Ortsverein Werdohl Unterer Bausenberg 10 58791 Werdohl Tel: 0160 93 96 4001 www.spd-werdohl.de kontakt(at)spd-werdohl.de Vorsitzender des SPD-Ortsverein Werdohl: Bj\u00f6rn Walocha H\u00e4lverstrasse 55 58579 Schalksm\u00fchle Tel: 0160 93 96 4001 E-Mail: b.walocha(at)spd-werdohl.de Vorsitzende der SPD-Fraktion im Rat der Stadt Werdohl: Marion Gierse Unterm Bausenberg 10 58791 Werdohl E-Mail: m.gierse(at)spd-werdohl.de Verantwortlich f\u00fcr den Internetauftritt des SPD-Ortsverein Werdohl: [&hellip;]<\/p>\n","protected":false},"author":1,"featured_media":0,"parent":0,"menu_order":20,"comment_status":"closed","ping_status":"closed","template":"","meta":{"footnotes":""},"class_list":["post-2","page","type-page","status-publish","hentry","entry"],"_links":{"self":[{"href":"https:\/\/www.spd-werdohl.de\/spd\/wp-json\/wp\/v2\/pages\/2","targetHints":{"allow":["GET"]}}],"collection":[{"href":"https:\/\/www.spd-werdohl.de\/spd\/wp-json\/wp\/v2\/pages"}],"about":[{"href":"https:\/\/www.spd-werdohl.de\/spd\/wp-json\/wp\/v2\/types\/page"}],"author":[{"embeddable":true,"href":"https:\/\/www.spd-werdohl.de\/spd\/wp-json\/wp\/v2\/users\/1"}],"replies":[{"embeddable":true,"href":"https:\/\/www.spd-werdohl.de\/spd\/wp-json\/wp\/v2\/comments?post=2"}],"version-history":[{"count":17,"href":"https:\/\/www.spd-werdohl.de\/spd\/wp-json\/wp\/v2\/pages\/2\/revisions"}],"predecessor-version":[{"id":25176,"href":"https:\/\/www.spd-werdohl.de\/spd\/wp-json\/wp\/v2\/pages\/2\/revisions\/25176"}],"wp:attachment":[{"href":"https:\/\/www.spd-werdohl.de\/spd\/wp-json\/wp\/v2\/media?parent=2"}],"curies":[{"name":"wp","href":"https:\/\/api.w.org\/{rel}","templated":true}]}}