{"id":25508,"date":"2025-07-29T18:55:25","date_gmt":"2025-07-29T16:55:25","guid":{"rendered":"https:\/\/www.spd-werdohl.de\/spd\/?page_id=25508"},"modified":"2025-07-29T19:29:45","modified_gmt":"2025-07-29T17:29:45","slug":"nadine-kuschmiersz","status":"publish","type":"page","link":"https:\/\/www.spd-werdohl.de\/spd\/partei\/nadine-kuschmiersz\/","title":{"rendered":"Nadine Kuschmiersz"},"content":{"rendered":"\n<div class=\"wp-block-columns is-layout-flex wp-container-core-columns-is-layout-9d6595d7 wp-block-columns-is-layout-flex\">\n<div class=\"wp-block-column is-layout-flow wp-block-column-is-layout-flow\" style=\"flex-basis:66.66%\">\n<p>Ich bin Nadine Kuschmiersz, 48 Jahre alt, seit vielen Jahren ehrenamtlich unter anderem im Handballverein aktiv und bringe 16 Jahre Erfahrung aus dem Stadtrat mit.<br><br>Als Stadtrat werde ich mich f\u00fcr Bildung und Unterst\u00fctzung f\u00fcr Familien einsetzen. Ich m\u00f6chte unsere Innenstadt wiederbeleben, damit sie ein Ort zum Treffen und Wohlf\u00fchlen wird. Mir ist wichtig, dass sich jeder Werdohler und jeder Werdohlerin geh\u00f6rt f\u00fchlt und Teil der Gemeinschaft ist.<br><br>Ich werde mich folglich f\u00fcr gute Bildungschancen f\u00fcr alle Kinder, starken Zusammenhalt, eine stabile Wirtschaft und eine lebendige Innenstadt einsetzen.<\/p>\n<\/div>\n\n\n\n<div class=\"wp-block-column is-layout-flow wp-block-column-is-layout-flow\" style=\"flex-basis:33.33%\">\n<figure class=\"wp-block-image size-full\"><a href=\"https:\/\/www.spd-werdohl.de\/spd\/wp-content\/uploads\/2025\/07\/SPD-Kuschmiersz.jpg\"><img fetchpriority=\"high\" decoding=\"async\" width=\"778\" height=\"1000\" src=\"https:\/\/www.spd-werdohl.de\/spd\/wp-content\/uploads\/2025\/07\/SPD-Kuschmiersz.jpg\" alt=\"\" class=\"wp-image-25509\" srcset=\"https:\/\/www.spd-werdohl.de\/spd\/wp-content\/uploads\/2025\/07\/SPD-Kuschmiersz.jpg 778w, https:\/\/www.spd-werdohl.de\/spd\/wp-content\/uploads\/2025\/07\/SPD-Kuschmiersz-768x987.jpg 768w\" sizes=\"(max-width: 778px) 100vw, 778px\" \/><\/a><\/figure>\n<\/div>\n<\/div>\n","protected":false},"excerpt":{"rendered":"<p>Ich bin Nadine Kuschmiersz, 48 Jahre alt, seit vielen Jahren ehrenamtlich unter anderem im Handballverein aktiv und bringe 16 Jahre Erfahrung aus dem Stadtrat mit. Als Stadtrat werde ich mich f\u00fcr Bildung und Unterst\u00fctzung f\u00fcr Familien einsetzen. Ich m\u00f6chte unsere Innenstadt wiederbeleben, damit sie ein Ort zum Treffen und Wohlf\u00fchlen wird. Mir ist wichtig, dass [&hellip;]<\/p>\n","protected":false},"author":1,"featured_media":0,"parent":3,"menu_order":0,"comment_status":"closed","ping_status":"closed","template":"","meta":{"footnotes":""},"class_list":["post-25508","page","type-page","status-publish","hentry","entry"],"_links":{"self":[{"href":"https:\/\/www.spd-werdohl.de\/spd\/wp-json\/wp\/v2\/pages\/25508","targetHints":{"allow":["GET"]}}],"collection":[{"href":"https:\/\/www.spd-werdohl.de\/spd\/wp-json\/wp\/v2\/pages"}],"about":[{"href":"https:\/\/www.spd-werdohl.de\/spd\/wp-json\/wp\/v2\/types\/page"}],"author":[{"embeddable":true,"href":"https:\/\/www.spd-werdohl.de\/spd\/wp-json\/wp\/v2\/users\/1"}],"replies":[{"embeddable":true,"href":"https:\/\/www.spd-werdohl.de\/spd\/wp-json\/wp\/v2\/comments?post=25508"}],"version-history":[{"count":2,"href":"https:\/\/www.spd-werdohl.de\/spd\/wp-json\/wp\/v2\/pages\/25508\/revisions"}],"predecessor-version":[{"id":25533,"href":"https:\/\/www.spd-werdohl.de\/spd\/wp-json\/wp\/v2\/pages\/25508\/revisions\/25533"}],"up":[{"embeddable":true,"href":"https:\/\/www.spd-werdohl.de\/spd\/wp-json\/wp\/v2\/pages\/3"}],"wp:attachment":[{"href":"https:\/\/www.spd-werdohl.de\/spd\/wp-json\/wp\/v2\/media?parent=25508"}],"curies":[{"name":"wp","href":"https:\/\/api.w.org\/{rel}","templated":true}]}}