{"id":25539,"date":"2025-07-29T19:28:21","date_gmt":"2025-07-29T17:28:21","guid":{"rendered":"https:\/\/www.spd-werdohl.de\/spd\/?page_id=25539"},"modified":"2025-07-29T19:30:09","modified_gmt":"2025-07-29T17:30:09","slug":"marion-gierse","status":"publish","type":"page","link":"https:\/\/www.spd-werdohl.de\/spd\/partei\/marion-gierse\/","title":{"rendered":"Marion Gierse"},"content":{"rendered":"\n<div class=\"wp-block-columns is-layout-flex wp-container-core-columns-is-layout-9d6595d7 wp-block-columns-is-layout-flex\">\n<div class=\"wp-block-column is-layout-flow wp-block-column-is-layout-flow\" style=\"flex-basis:66.66%\">\n<p>Ich bin Marion Gierse, 61 Jahre alt und wohne unterm Bausenberg.<br><br>Als engagierter B\u00fcrger Werdohls verfolge ich klare Ziele, um unsere Stadt noch lebenswerter zu gestalten.<br><br>Ich setze mich f\u00fcr die Renaturierung versiegelter Fl\u00e4chen ein, um das Klima in unserer Stadt zu verbessern und die Lebensqualit\u00e4t zu steigern.<br><br>Gleichzeitig ist mir der Erhalt der medizinischen Versorgung unter Einbezug der Stadtklinik Werdohl ein zentrales Anliegen, um eine zuverl\u00e4ssige Betreuung vor Ort zu sichern.<br><br>Zudem suche ich Wege, das Kurzstreckenticket in Werdohl einzuf\u00fchren, um die Mobilit\u00e4t attraktiver zu gestalten.<\/p>\n\n\n\n<p>Diese Ziele sind mir eine Herzensangelegenheit f\u00fcr<br>Werdohl.<\/p>\n<\/div>\n\n\n\n<div class=\"wp-block-column is-layout-flow wp-block-column-is-layout-flow\" style=\"flex-basis:33.33%\">\n<figure class=\"wp-block-image size-full\"><a href=\"https:\/\/www.spd-werdohl.de\/spd\/wp-content\/uploads\/2025\/07\/SPD-Gierse.jpg\"><img fetchpriority=\"high\" decoding=\"async\" width=\"501\" height=\"644\" src=\"https:\/\/www.spd-werdohl.de\/spd\/wp-content\/uploads\/2025\/07\/SPD-Gierse.jpg\" alt=\"\" class=\"wp-image-25518\"\/><\/a><\/figure>\n<\/div>\n<\/div>\n","protected":false},"excerpt":{"rendered":"<p>Ich bin Marion Gierse, 61 Jahre alt und wohne unterm Bausenberg. Als engagierter B\u00fcrger Werdohls verfolge ich klare Ziele, um unsere Stadt noch lebenswerter zu gestalten. Ich setze mich f\u00fcr die Renaturierung versiegelter Fl\u00e4chen ein, um das Klima in unserer Stadt zu verbessern und die Lebensqualit\u00e4t zu steigern. Gleichzeitig ist mir der Erhalt der medizinischen [&hellip;]<\/p>\n","protected":false},"author":1,"featured_media":0,"parent":3,"menu_order":0,"comment_status":"closed","ping_status":"closed","template":"","meta":{"footnotes":""},"class_list":["post-25539","page","type-page","status-publish","hentry","entry"],"_links":{"self":[{"href":"https:\/\/www.spd-werdohl.de\/spd\/wp-json\/wp\/v2\/pages\/25539","targetHints":{"allow":["GET"]}}],"collection":[{"href":"https:\/\/www.spd-werdohl.de\/spd\/wp-json\/wp\/v2\/pages"}],"about":[{"href":"https:\/\/www.spd-werdohl.de\/spd\/wp-json\/wp\/v2\/types\/page"}],"author":[{"embeddable":true,"href":"https:\/\/www.spd-werdohl.de\/spd\/wp-json\/wp\/v2\/users\/1"}],"replies":[{"embeddable":true,"href":"https:\/\/www.spd-werdohl.de\/spd\/wp-json\/wp\/v2\/comments?post=25539"}],"version-history":[{"count":1,"href":"https:\/\/www.spd-werdohl.de\/spd\/wp-json\/wp\/v2\/pages\/25539\/revisions"}],"predecessor-version":[{"id":25540,"href":"https:\/\/www.spd-werdohl.de\/spd\/wp-json\/wp\/v2\/pages\/25539\/revisions\/25540"}],"up":[{"embeddable":true,"href":"https:\/\/www.spd-werdohl.de\/spd\/wp-json\/wp\/v2\/pages\/3"}],"wp:attachment":[{"href":"https:\/\/www.spd-werdohl.de\/spd\/wp-json\/wp\/v2\/media?parent=25539"}],"curies":[{"name":"wp","href":"https:\/\/api.w.org\/{rel}","templated":true}]}}