{"id":25541,"date":"2025-07-29T19:32:09","date_gmt":"2025-07-29T17:32:09","guid":{"rendered":"https:\/\/www.spd-werdohl.de\/spd\/?page_id=25541"},"modified":"2025-07-29T19:32:09","modified_gmt":"2025-07-29T17:32:09","slug":"fehmican-cabuk","status":"publish","type":"page","link":"https:\/\/www.spd-werdohl.de\/spd\/partei\/fehmican-cabuk\/","title":{"rendered":"Fehmican Cabuk"},"content":{"rendered":"\n<div class=\"wp-block-columns is-layout-flex wp-container-core-columns-is-layout-9d6595d7 wp-block-columns-is-layout-flex\">\n<div class=\"wp-block-column is-layout-flow wp-block-column-is-layout-flow\" style=\"flex-basis:66.66%\">\n<p>Ich bin Fehmican Cabuk, 22 Jahre alt und wohnhaft in der Innenstadt.<br><br>Auch wenn ich in Hagen arbeite, schl\u00e4gt mein Herz f\u00fcr meine Heimatstadt Werdohl. Ich m\u00f6chte Werdohl zu einem Ort mit echten Perspektiven f\u00fcr junge Menschen machen: mit guten Ausbildungsm\u00f6glichkeiten, attraktiven Jobs vor Ort und einer einladenden Innenstadt.<br><br>Ich setze mich f\u00fcr eine belebte, saubere und sichere Stadt ein \u2013 mit kostenlosen Parkpl\u00e4tzen, Treffpunkten und autofreundlicher Infrastruktur. Junge Menschen sollen durch ein Jugendparlament und Freizeitangebote mitreden k\u00f6nnen. Unsere Schulen brauchen eine moderne Ausstattung und bessere \u00dcberg\u00e4nge in Ausbildung oder Studium. Die Verwaltung soll digital, transparent und b\u00fcrgernah sein. Zuletzt m\u00f6chte ich Werdohl nachhaltiger und gr\u00fcner gestalten, indem ich die Lenne als zentralen Erholungsraum entwickle.<\/p>\n<\/div>\n\n\n\n<div class=\"wp-block-column is-layout-flow wp-block-column-is-layout-flow\" style=\"flex-basis:33.33%\">\n<figure class=\"wp-block-image size-full\"><a href=\"https:\/\/www.spd-werdohl.de\/spd\/wp-content\/uploads\/2025\/07\/SPD-Cabuk.jpg\"><img fetchpriority=\"high\" decoding=\"async\" width=\"778\" height=\"1000\" src=\"https:\/\/www.spd-werdohl.de\/spd\/wp-content\/uploads\/2025\/07\/SPD-Cabuk.jpg\" alt=\"\" class=\"wp-image-25516\" srcset=\"https:\/\/www.spd-werdohl.de\/spd\/wp-content\/uploads\/2025\/07\/SPD-Cabuk.jpg 778w, https:\/\/www.spd-werdohl.de\/spd\/wp-content\/uploads\/2025\/07\/SPD-Cabuk-768x987.jpg 768w\" sizes=\"(max-width: 778px) 100vw, 778px\" \/><\/a><\/figure>\n<\/div>\n<\/div>\n","protected":false},"excerpt":{"rendered":"<p>Ich bin Fehmican Cabuk, 22 Jahre alt und wohnhaft in der Innenstadt. Auch wenn ich in Hagen arbeite, schl\u00e4gt mein Herz f\u00fcr meine Heimatstadt Werdohl. Ich m\u00f6chte Werdohl zu einem Ort mit echten Perspektiven f\u00fcr junge Menschen machen: mit guten Ausbildungsm\u00f6glichkeiten, attraktiven Jobs vor Ort und einer einladenden Innenstadt. Ich setze mich f\u00fcr eine belebte, [&hellip;]<\/p>\n","protected":false},"author":1,"featured_media":0,"parent":3,"menu_order":0,"comment_status":"closed","ping_status":"closed","template":"","meta":{"footnotes":""},"class_list":["post-25541","page","type-page","status-publish","hentry","entry"],"_links":{"self":[{"href":"https:\/\/www.spd-werdohl.de\/spd\/wp-json\/wp\/v2\/pages\/25541","targetHints":{"allow":["GET"]}}],"collection":[{"href":"https:\/\/www.spd-werdohl.de\/spd\/wp-json\/wp\/v2\/pages"}],"about":[{"href":"https:\/\/www.spd-werdohl.de\/spd\/wp-json\/wp\/v2\/types\/page"}],"author":[{"embeddable":true,"href":"https:\/\/www.spd-werdohl.de\/spd\/wp-json\/wp\/v2\/users\/1"}],"replies":[{"embeddable":true,"href":"https:\/\/www.spd-werdohl.de\/spd\/wp-json\/wp\/v2\/comments?post=25541"}],"version-history":[{"count":1,"href":"https:\/\/www.spd-werdohl.de\/spd\/wp-json\/wp\/v2\/pages\/25541\/revisions"}],"predecessor-version":[{"id":25542,"href":"https:\/\/www.spd-werdohl.de\/spd\/wp-json\/wp\/v2\/pages\/25541\/revisions\/25542"}],"up":[{"embeddable":true,"href":"https:\/\/www.spd-werdohl.de\/spd\/wp-json\/wp\/v2\/pages\/3"}],"wp:attachment":[{"href":"https:\/\/www.spd-werdohl.de\/spd\/wp-json\/wp\/v2\/media?parent=25541"}],"curies":[{"name":"wp","href":"https:\/\/api.w.org\/{rel}","templated":true}]}}

<div class="wp-block-columns is-layout-flex wp-container-core-columns-is-layout-9d6595d7 wp-block-columns-is-layout-flex">
<div class="wp-block-column is-layout-flow wp-block-column-is-layout-flow" style="flex-basis:66.66%">
<p>Ich bin Fehmican Cabuk, 22 Jahre alt und wohnhaft in der Innenstadt.<br><br>Auch wenn ich in Hagen arbeite, schlägt mein Herz für meine Heimatstadt Werdohl. Ich möchte Werdohl zu einem Ort mit echten Perspektiven für junge Menschen machen: mit guten Ausbildungsmöglichkeiten, attraktiven Jobs vor Ort und einer einladenden Innenstadt.<br><br>Ich setze mich für eine belebte, saubere und sichere Stadt ein – mit kostenlosen Parkplätzen, Treffpunkten und autofreundlicher Infrastruktur. Junge Menschen sollen durch ein Jugendparlament und Freizeitangebote mitreden können. Unsere Schulen brauchen eine moderne Ausstattung und bessere Übergänge in Ausbildung oder Studium. Die Verwaltung soll digital, transparent und bürgernah sein. Zuletzt möchte ich Werdohl nachhaltiger und grüner gestalten, indem ich die Lenne als zentralen Erholungsraum entwickle.</p>
</div>



<div class="wp-block-column is-layout-flow wp-block-column-is-layout-flow" style="flex-basis:33.33%">
<figure class="wp-block-image size-full"><a href="https://www.spd-werdohl.de/spd/wp-content/uploads/2025/07/SPD-Cabuk.jpg"><img fetchpriority="high" decoding="async" width="778" height="1000" src="https://www.spd-werdohl.de/spd/wp-content/uploads/2025/07/SPD-Cabuk.jpg" alt="" class="wp-image-25516" srcset="https://www.spd-werdohl.de/spd/wp-content/uploads/2025/07/SPD-Cabuk.jpg 778w, https://www.spd-werdohl.de/spd/wp-content/uploads/2025/07/SPD-Cabuk-768x987.jpg 768w" sizes="(max-width: 778px) 100vw, 778px" /></a></figure>
</div>
</div>

<p>Ich bin Fehmican Cabuk, 22 Jahre alt und wohnhaft in der Innenstadt. Auch wenn ich in Hagen arbeite, schlägt mein Herz für meine Heimatstadt Werdohl. Ich möchte Werdohl zu einem Ort mit echten Perspektiven für junge Menschen machen: mit guten Ausbildungsmöglichkeiten, attraktiven Jobs vor Ort und einer einladenden Innenstadt. Ich setze mich für eine belebte, [&hellip;]</p>
