{"id":4820,"date":"2020-06-15T22:07:18","date_gmt":"2020-06-15T20:07:18","guid":{"rendered":"http:\/\/www.spd-werdohl.de\/spd\/?page_id=4820"},"modified":"2020-06-23T08:29:23","modified_gmt":"2020-06-23T06:29:23","slug":"werdohl-kann-mehr","status":"publish","type":"page","link":"https:\/\/www.spd-werdohl.de\/spd\/werdohl-kann-mehr\/","title":{"rendered":"Werdohl kann mehr."},"content":{"rendered":"\t\t<div data-elementor-type=\"wp-page\" data-elementor-id=\"4820\" class=\"elementor elementor-4820\">\n\t\t\t\t\t\t<section class=\"elementor-section elementor-top-section elementor-element elementor-element-9b0f378 elementor-section-boxed elementor-section-height-default elementor-section-height-default\" data-id=\"9b0f378\" data-element_type=\"section\" data-e-type=\"section\">\n\t\t\t\t\t\t<div class=\"elementor-container elementor-column-gap-default\">\n\t\t\t\t\t<div class=\"elementor-column elementor-col-100 elementor-top-column elementor-element elementor-element-d5ca9d6\" data-id=\"d5ca9d6\" data-element_type=\"column\" data-e-type=\"column\">\n\t\t\t<div class=\"elementor-widget-wrap elementor-element-populated\">\n\t\t\t\t\t\t<div class=\"elementor-element elementor-element-fc135df elementor-widget elementor-widget-image\" data-id=\"fc135df\" data-element_type=\"widget\" data-e-type=\"widget\" data-widget_type=\"image.default\">\n\t\t\t\t<div class=\"elementor-widget-container\">\n\t\t\t\t\t\t\t\t\t\t\t\t\t\t\t<img decoding=\"async\" src=\"https:\/\/www.spd-werdohl.de\/spd\/wp-content\/uploads\/elementor\/thumbs\/Werdohlkannmehr-r6rg8l8lxnrms7vttxep3jcelcwclpmvconjo8ku2y.png\" title=\"Werdohlkannmehr\" alt=\"Werdohlkannmehr\" loading=\"lazy\" \/>\t\t\t\t\t\t\t\t\t\t\t\t\t\t\t<\/div>\n\t\t\t\t<\/div>\n\t\t\t\t\t<\/div>\n\t\t<\/div>\n\t\t\t\t\t<\/div>\n\t\t<\/section>\n\t\t\t\t<section class=\"elementor-section elementor-top-section elementor-element elementor-element-26f593d elementor-section-boxed elementor-section-height-default elementor-section-height-default\" data-id=\"26f593d\" data-element_type=\"section\" data-e-type=\"section\">\n\t\t\t\t\t\t<div class=\"elementor-container elementor-column-gap-default\">\n\t\t\t\t\t<div class=\"elementor-column elementor-col-66 elementor-top-column elementor-element elementor-element-73c5bde\" data-id=\"73c5bde\" data-element_type=\"column\" data-e-type=\"column\">\n\t\t\t<div class=\"elementor-widget-wrap elementor-element-populated\">\n\t\t\t\t\t\t<div class=\"elementor-element elementor-element-1f6927c elementor-widget elementor-widget-text-editor\" data-id=\"1f6927c\" data-element_type=\"widget\" data-e-type=\"widget\" data-widget_type=\"text-editor.default\">\n\t\t\t\t<div class=\"elementor-widget-container\">\n\t\t\t\t\t\t\t\t\t<p>Wir leben in einer wundersch\u00f6nen Stadt. Es lohnt sich, sich f\u00fcr sie zu engagieren. Ob Feuerwehr, Heimat- und Geschichtsverein, Kleines Kulturforum oder B\u00fcrgerstammtisch \u2013 viele Menschen tun das bereits in vorbildlicher, vielf\u00e4ltiger und kreativer Weise. Hier bringen sich so viele B\u00fcrger ein, dass diese Auflistung nicht vollst\u00e4ndig sein kann.<br \/>Die SPD bedankt sich f\u00fcr dieses ehrenamtliche Engagement und wird es weiterhin f\u00f6rdern sowie st\u00e4rken. Nur so bleibt Werdohl liebens- und lebenswert!<br \/>Bringen Sie sich bei uns ein. Diskutieren Sie politisch mit. Die SPD wird Ihnen ihre Entscheidungen stets erkl\u00e4ren.<br \/>Wir werden dabei auch neue Wege gehen, um Sie zu informieren.<\/p><p>Die Kandidaten, die die SPD bei der Kommunalwahl ins Rennen schickt, kombinieren Erfahrung und Neugier. Nehmen Sie bei Fragen und Anregungen gerne Kontakt mit uns auf!<\/p><p>Geben Sie uns Ihre Stimme bei der Kommunalwahl.<\/p>\t\t\t\t\t\t\t\t<\/div>\n\t\t\t\t<\/div>\n\t\t\t\t\t<\/div>\n\t\t<\/div>\n\t\t\t\t<div class=\"elementor-column elementor-col-33 elementor-top-column elementor-element elementor-element-5915b61\" data-id=\"5915b61\" data-element_type=\"column\" data-e-type=\"column\">\n\t\t\t<div class=\"elementor-widget-wrap elementor-element-populated\">\n\t\t\t\t\t\t<div class=\"elementor-element elementor-element-d1a41e9 elementor-widget elementor-widget-image\" data-id=\"d1a41e9\" data-element_type=\"widget\" data-e-type=\"widget\" data-widget_type=\"image.default\">\n\t\t\t\t<div class=\"elementor-widget-container\">\n\t\t\t\t\t\t\t\t\t\t\t\t\t\t\t<img decoding=\"async\" src=\"https:\/\/www.spd-werdohl.de\/spd\/wp-content\/uploads\/elementor\/thumbs\/2020-02-29__SPD_Team_mit_Meinen_retouchiert-r6rg8jctahzj423huyxyf5a94czmbs3j6ciwa4trlq.jpg\" title=\"SPD_Team2020\" alt=\"SPD_Team2020\" loading=\"lazy\" \/>\t\t\t\t\t\t\t\t\t\t\t\t\t\t\t<\/div>\n\t\t\t\t<\/div>\n\t\t\t\t\t<\/div>\n\t\t<\/div>\n\t\t\t\t\t<\/div>\n\t\t<\/section>\n\t\t\t\t<section class=\"elementor-section elementor-top-section elementor-element elementor-element-b101748 elementor-section-boxed elementor-section-height-default elementor-section-height-default\" data-id=\"b101748\" data-element_type=\"section\" data-e-type=\"section\">\n\t\t\t\t\t\t<div class=\"elementor-container elementor-column-gap-default\">\n\t\t\t\t\t<div class=\"elementor-column elementor-col-50 elementor-top-column elementor-element elementor-element-755d795\" data-id=\"755d795\" data-element_type=\"column\" data-e-type=\"column\">\n\t\t\t<div class=\"elementor-widget-wrap elementor-element-populated\">\n\t\t\t\t\t\t<div class=\"elementor-element elementor-element-953e0ba elementor-button-danger elementor-align-center elementor-widget elementor-widget-button\" data-id=\"953e0ba\" data-element_type=\"widget\" data-e-type=\"widget\" data-widget_type=\"button.default\">\n\t\t\t\t<div class=\"elementor-widget-container\">\n\t\t\t\t\t\t\t\t\t<div class=\"elementor-button-wrapper\">\n\t\t\t\t\t<a class=\"elementor-button elementor-button-link elementor-size-xl elementor-animation-grow\" href=\"https:\/\/www.spd-werdohl.de\/spd\/werdohl-kann-mehr\/unsere-stadt\/\">\n\t\t\t\t\t\t<span class=\"elementor-button-content-wrapper\">\n\t\t\t\t\t\t\t\t\t<span class=\"elementor-button-text\">Die Themen<\/span>\n\t\t\t\t\t<\/span>\n\t\t\t\t\t<\/a>\n\t\t\t\t<\/div>\n\t\t\t\t\t\t\t\t<\/div>\n\t\t\t\t<\/div>\n\t\t\t\t\t<\/div>\n\t\t<\/div>\n\t\t\t\t<div class=\"elementor-column elementor-col-50 elementor-top-column elementor-element elementor-element-5710f4c\" data-id=\"5710f4c\" data-element_type=\"column\" data-e-type=\"column\">\n\t\t\t<div class=\"elementor-widget-wrap elementor-element-populated\">\n\t\t\t\t\t\t<div class=\"elementor-element elementor-element-b723f26 elementor-button-danger elementor-align-center elementor-widget elementor-widget-button\" data-id=\"b723f26\" data-element_type=\"widget\" data-e-type=\"widget\" data-widget_type=\"button.default\">\n\t\t\t\t<div class=\"elementor-widget-container\">\n\t\t\t\t\t\t\t\t\t<div class=\"elementor-button-wrapper\">\n\t\t\t\t\t<a class=\"elementor-button elementor-button-link elementor-size-xl elementor-animation-grow\" href=\"https:\/\/www.spd-werdohl.de\/spd\/werdohl-kann-mehr\/unsere-kandidaten\/\">\n\t\t\t\t\t\t<span class=\"elementor-button-content-wrapper\">\n\t\t\t\t\t\t\t\t\t<span class=\"elementor-button-text\">Die Kandidaten<\/span>\n\t\t\t\t\t<\/span>\n\t\t\t\t\t<\/a>\n\t\t\t\t<\/div>\n\t\t\t\t\t\t\t\t<\/div>\n\t\t\t\t<\/div>\n\t\t\t\t\t<\/div>\n\t\t<\/div>\n\t\t\t\t\t<\/div>\n\t\t<\/section>\n\t\t\t\t<\/div>\n\t\t","protected":false},"excerpt":{"rendered":"<p>Wir leben in einer wundersch\u00f6nen Stadt. Es lohnt sich, sich f\u00fcr sie zu engagieren. Ob Feuerwehr, Heimat- und Geschichtsverein, Kleines Kulturforum oder B\u00fcrgerstammtisch \u2013 viele Menschen tun das bereits in vorbildlicher, vielf\u00e4ltiger und kreativer Weise. Hier bringen sich so viele B\u00fcrger ein, dass diese Auflistung nicht vollst\u00e4ndig sein kann.Die SPD bedankt sich f\u00fcr dieses ehrenamtliche [&hellip;]<\/p>\n","protected":false},"author":1,"featured_media":0,"parent":0,"menu_order":10,"comment_status":"closed","ping_status":"closed","template":"","meta":{"footnotes":""},"class_list":["post-4820","page","type-page","status-publish","hentry","entry"],"_links":{"self":[{"href":"https:\/\/www.spd-werdohl.de\/spd\/wp-json\/wp\/v2\/pages\/4820","targetHints":{"allow":["GET"]}}],"collection":[{"href":"https:\/\/www.spd-werdohl.de\/spd\/wp-json\/wp\/v2\/pages"}],"about":[{"href":"https:\/\/www.spd-werdohl.de\/spd\/wp-json\/wp\/v2\/types\/page"}],"author":[{"embeddable":true,"href":"https:\/\/www.spd-werdohl.de\/spd\/wp-json\/wp\/v2\/users\/1"}],"replies":[{"embeddable":true,"href":"https:\/\/www.spd-werdohl.de\/spd\/wp-json\/wp\/v2\/comments?post=4820"}],"version-history":[{"count":18,"href":"https:\/\/www.spd-werdohl.de\/spd\/wp-json\/wp\/v2\/pages\/4820\/revisions"}],"predecessor-version":[{"id":5028,"href":"https:\/\/www.spd-werdohl.de\/spd\/wp-json\/wp\/v2\/pages\/4820\/revisions\/5028"}],"wp:attachment":[{"href":"https:\/\/www.spd-werdohl.de\/spd\/wp-json\/wp\/v2\/media?parent=4820"}],"curies":[{"name":"wp","href":"https:\/\/api.w.org\/{rel}","templated":true}]}}